hest common divisor of 689 and 14628.
53
Calculate the greatest common factor of 6756 and 336.
12
What is the greatest common factor of 1 and 241218?
1
Calculate the greatest common factor of 407 and 10483.
11
What is the greatest common divisor of 1704 and 72420?
852
Calculate the highest common divisor of 324923 and 3212.
73
Calculate the highest common factor of 61348 and 392.
196
Calculate the highest common factor of 365 and 199655.
365
What is the highest common factor of 19 and 7083124?
19
Calculate the greatest common divisor of 231553 and 798.
133
What is the highest common factor of 113946 and 5712?
42
What is the highest common divisor of 535 and 98547?
107
Calculate the highest common factor of 7449 and 741.
39
Calculate the highest common factor of 7140 and 612.
204
Calculate the highest common divisor of 88 and 143924.
44
What is the greatest common factor of 3890411 and 7?
7
What is the highest common divisor of 24180 and 1700?
20
Calculate the greatest common divisor of 9 and 6183117.
9
Calculate the greatest common divisor of 532020 and 15.
15
Calculate the greatest common factor of 847847 and 1210.
121
What is the highest common divisor of 100 and 13325?
25
What is the greatest common divisor of 843 and 50861?
281
Calculate the greatest common divisor of 26462 and 1414.
202
What is the greatest common factor of 39 and 1250743?
13
Calculate the greatest common divisor of 8302126 and 1121.
1121
What is the highest common divisor of 107973 and 72?
9
Calculate the greatest common divisor of 13 and 22373.
13
What is the greatest common divisor of 4 and 5017?
1
What is the greatest common factor of 1450359 and 54?
27
What is the highest common factor of 32867 and 46?
23
What is the highest common divisor of 15 and 78120?
15
Calculate the highest common factor of 22041 and 81.
9
Calculate the greatest common factor of 1568888 and 8.
8
What is the highest common divisor of 525 and 35525?
175
Calculate the highest common factor of 554 and 72297.
277
Calculate the highest common factor of 654 and 693894.
654
Calculate the greatest common divisor of 39818 and 946.
86
What is the highest common factor of 50490 and 3410?
110
Calculate the highest common factor of 852 and 4757.
71
Calculate the greatest common factor of 35148 and 24.
12
Calculate the greatest common factor of 4110 and 15.
15
Calculate the highest common factor of 80710 and 70.
70
Calculate the greatest common factor of 3300 and 14760.
60
What is the highest common divisor of 135 and 160965?
45
Calculate the highest common factor of 1401575 and 525.
175
What is the greatest common factor of 11124 and 276864?
1236
What is the greatest common factor of 279 and 13761?
9
Calculate the greatest common divisor of 2005 and 67368.
401
Calculate the highest common factor of 48 and 67504.
16
What is the highest common divisor of 69255 and 30?
15
What is the highest common factor of 761685 and 17?
17
Calculate the highest common factor of 36950 and 50.
50
What is the greatest common divisor of 28359 and 161?
23
What is the highest common factor of 27 and 3462453?
27
What is the highest common factor of 16835 and 87815?
455
Calculate the highest common factor of 10584 and 3234.
294
Calculate the highest common divisor of 17631 and 98603.
653
What is the highest common divisor of 105 and 1920135?
105
Calculate the greatest common divisor of 14787 and 1488.
93
What is the greatest common divisor of 598 and 2034994?
598
Calculate the greatest common divisor of 883384 and 1472.
184
What is the greatest common factor of 403440 and 240?
240
Calculate the greatest common divisor of 939 and 3183.
3
What is the greatest common divisor of 68 and 148716?
68
What is the greatest common divisor of 19209 and 65949?
57
What is the greatest common divisor of 174427 and 314?
157
What is the greatest common factor of 1350 and 10425?
75
What is the highest common factor of 2600 and 1825850?
650
What is the greatest common factor of 1007489 and 609?
203
Calculate the highest common divisor of 21492 and 3132.
108
Calculate the greatest common divisor of 5194 and 2120.
106
What is the highest common divisor of 576 and 10008?
72
What is the highest common divisor of 591 and 161737?
197
Calculate the greatest common divisor of 3926 and 104.
26
What is the greatest common factor of 229028 and 496?
124
What is the greatest common factor of 17660 and 50?
10
What is the highest common divisor of 18286 and 164?
82
What is the greatest common divisor of 570 and 66500?
190
What is the highest common factor of 465 and 497178?
93
Calculate the highest common factor of 76 and 892.
4
What is the greatest common factor of 958 and 1486337?
479
Calculate the greatest common factor of 87 and 455097.
87
What is the highest common divisor of 9321 and 78?
39
Calculate the highest common divisor of 172 and 392.
4
Calculate the highest common divisor of 256 and 5216.
32
What is the highest common factor of 36 and 48900?
12
What is the highest common factor of 5786356 and 111?
37
Calculate the greatest common factor of 256945 and 670.
335
What is the highest common factor of 116480 and 5600?
1120
What is the greatest common divisor of 62197 and 2294?
37
What is the greatest common factor of 252 and 459396?
252
Calculate the greatest common factor of 8950 and 75.
25
Calculate the highest common divisor of 10054000 and 11.
11
Calculate the highest common divisor of 341 and 20987.
31
What is the greatest common divisor of 630 and 63786?
6
What is the greatest common divisor of 2082 and 18?
6
Calculate the greatest common divisor of 1800 and 8200.
200
Calculate the highest common factor of 125767 and 62.
31
What is the greatest common divisor of 1650 and 502590?
330
What is the greatest common factor of 222283 and 796?
199
What is the greatest common divisor of 24 and 117795?
3
Calculate the greatest common divisor of 294 and 38514.
294
What is the greatest common divisor of 1008 and 6399?
9
Calculate the highest common divisor of 106483 and 13.
13
What is the greatest common divisor of 9240210 and 1890?
1890
What is the greatest common factor of 22 and 281633?
11
What is the highest common factor of 2450 and 1700?
50
What is the greatest common factor of 303484 and 68?
68
What is the greatest common divisor of 3475 and 8425?
25
Calculate the highest common divisor of 122 and 70394.
122
Calculate the highest common factor of 16042 and 130.
26
Calculate the highest common divisor of 2976 and 30112.
32
Calculate the greatest common divisor of 1653 and 87.
87
Calculate the greatest common divisor of 349 and 8.
1
What is the greatest common factor of 317482 and 44?
22
Calculate the highest common factor of 19665 and 7011.
171
Calculate the greatest common divisor of 10075 and 527.
31
What is the highest common divisor of 283680 and 120?
120
Calculate the highest common divisor of 1103847 and 3.
3
What is the highest common factor of 960 and 26480?
80
Calculate the highest common factor of 21357 and 4221.
63
Calculate the highest common factor of 923031 and 27.
9
Calculate the highest common divisor of 45 and 3243945.
15
Calculate the highest common divisor of 459 and 751383.
459
Calculate the greatest common factor of 867 and 102884.
289
What is the greatest common factor of 10105 and 1505?
215
What is the greatest common divisor of 46606 and 574?
14
Calculate the greatest common factor of 80280 and 1440.
360
What is the greatest common divisor of 104443 and 368?
23
Calculate the greatest common divisor of 13203 and 135.
27
What is the highest common divisor of 7826 and 258860?
602
What is the highest common factor of 50737 and 565?
113
Calculate the highest common divisor of 11401 and 6721.
13
What is the greatest common divisor of 220 and 9340?
20
Calculate the highest common factor of 463 and 10.
1
What is the greatest common factor of 24 and 42078?
6
Calculate the greatest common divisor of 239785 and 2108.
527
What is the greatest common divisor of 524 and 656179?
131
Calculate the greatest common factor of 40 and 2144.
8
Calculate the greatest common divisor of 93410 and 150.
10
What is the greatest common factor of 737 and 253?
11
Calculate the highest common divisor of 34 and 93143.
17
What is the highest common factor of 12